by 1200106?
184
Calculate the remainder when 138271472 is divided by 209.
207
What is the remainder when 69079 is divided by 648?
391
What is the remainder when 344451 is divided by 114804?
39
What is the remainder when 7880650 is divided by 375266?
64
What is the remainder when 1506031 is divided by 215145?
16
Calculate the remainder when 88279 is divided by 88079.
200
Calculate the remainder when 6549478 is divided by 6938.
6
Calculate the remainder when 6557740 is divided by 11.
2
Calculate the remainder when 36035623 is divided by 125.
123
What is the remainder when 8419 is divided by 2506?
901
Calculate the remainder when 23103690 is divided by 987.
981
Calculate the remainder when 90833494 is divided by 125.
119
What is the remainder when 12255395 is divided by 703?
699
Calculate the remainder when 523815 is divided by 22.
17
Calculate the remainder when 7121769 is divided by 4035.
4029
Calculate the remainder when 5404312 is divided by 3.
1
Calculate the remainder when 3815500 is divided by 2926.
2922
What is the remainder when 385612 is divided by 7261?
779
Calculate the remainder when 379261 is divided by 297.
289
Calculate the remainder when 9768661 is divided by 134.
61
Calculate the remainder when 422156 is divided by 632.
612
What is the remainder when 17001144 is divided by 959?
951
What is the remainder when 4131913 is divided by 42597?
4
Calculate the remainder when 13532356 is divided by 2706454.
86
What is the remainder when 92616317 is divided by 20?
17
What is the remainder when 4988323 is divided by 712605?
88
Calculate the remainder when 236966 is divided by 7177.
125
Calculate the remainder when 415418 is divided by 9.
5
Calculate the remainder when 35228275 is divided by 5093.
5087
What is the remainder when 83583 is divided by 2944?
1151
What is the remainder when 827195 is divided by 827159?
36
Calculate the remainder when 6829335 is divided by 16.
7
Calculate the remainder when 4642188 is divided by 14372.
32
Calculate the remainder when 1333927 is divided by 1588.
7
What is the remainder when 51286434 is divided by 3419095?
9
Calculate the remainder when 17185944 is divided by 2110.
2104
What is the remainder when 543217 is divided by 1347?
376
Calculate the remainder when 57551 is divided by 57445.
106
What is the remainder when 1006772 is divided by 1006653?
119
Calculate the remainder when 938007076 is divided by 7.
6
What is the remainder when 130722 is divided by 64757?
1208
What is the remainder when 387666 is divided by 48458?
2
Calculate the remainder when 625221 is divided by 2649.
57
What is the remainder when 455127 is divided by 2421?
2400
What is the remainder when 301777 is divided by 30112?
657
Calculate the remainder when 12930163 is divided by 1293015.
13
Calculate the remainder when 991694 is divided by 538.
160
What is the remainder when 6134290 is divided by 281?
60
What is the remainder when 2888 is divided by 2849?
39
Calculate the remainder when 13560 is divided by 1280.
760
What is the remainder when 5558 is divided by 1439?
1241
Calculate the remainder when 52645588 is divided by 10429.
10425
Calculate the remainder when 136500 is divided by 1098.
348
Calculate the remainder when 173583 is divided by 10847.
31
Calculate the remainder when 643638 is divided by 1355.
13
What is the remainder when 892963 is divided by 144?
19
Calculate the remainder when 13331356 is divided by 16.
12
Calculate the remainder when 13381 is divided by 3058.
1149
What is the remainder when 9945136 is divided by 2792?
32
What is the remainder when 818519 is divided by 14616?
23
What is the remainder when 717326 is divided by 2738?
2708
Calculate the remainder when 8928 is divided by 1128.
1032
Calculate the remainder when 4345964 is divided by 160961.
17
Calculate the remainder when 839421777 is divided by 4188.
4185
What is the remainder when 9055783 is divided by 2974?
2927
Calculate the remainder when 1469531 is divided by 52473.
287
Calculate the remainder when 911601 is divided by 1617.
1230
Calculate the remainder when 7702665 is divided by 27.
24
What is the remainder when 53024 is divided by 13243?
52
Calculate the remainder when 90576974 is divided by 7.
5
What is the remainder when 4556031 is divided by 104?
103
What is the remainder when 1522277 is divided by 23?
22
What is the remainder when 744270 is divided by 124037?
48
What is the remainder when 62906 is divided by 313?
306
What is the remainder when 5071431 is divided by 764?
763
Calculate the remainder when 663245 is divided by 110282.
1553
Calculate the remainder when 41531 is divided by 8040.
1331
What is the remainder when 6307251 is divided by 84?
27
What is the remainder when 449828 is divided by 448667?
1161
What is the remainder when 3207088 is divided by 1727?
49
Calculate the remainder when 7443734 is divided by 3424.
3382
Calculate the remainder when 1687792 is divided by 1172.
112
What is the remainder when 3239451 is divided by 34?
33
What is the remainder when 2203281 is divided by 100149?
3
What is the remainder when 915092 is divided by 83187?
35
Calculate the remainder when 4463 is divided by 177.
38
What is the remainder when 39413854 is divided by 1685?
19
What is the remainder when 55202815 is divided by 2865?
2860
What is the remainder when 1398382 is divided by 60?
22
What is the remainder when 1014609 is divided by 10680?
9
Calculate the remainder when 22993 is divided by 4478.
603
What is the remainder when 13004372 is divided by 4334494?
890
Calculate the remainder when 12168050 is divided by 5.
0
What is the remainder when 364428 is divided by 60736?
12
Calculate the remainder when 2792233 is divided by 349028.
9
What is the remainder when 6393582 is divided by 11?
8
What is the remainder when 27772855 is divided by 9257616?
7
What is the remainder when 10055465 is divided by 237?
29
Calculate the remainder when 526102 is divided by 175345.
67
What is the remainder when 2325869 is divided by 72683?
13
Calculate the remainder when 1196331 is divided by 46007.
149
Calculate the remainder when 7678197 is divided by 191.
188
What is the remainder when 347618 is divided by 143?
128
Calculate the remainder when 1243705 is divided by 12841.
10969
Calculate the remainder when 709641 is divided by 2491.
2197
Calculate the remainder when 135323 is divided by 33235.
2383
What is the remainder when 13456 is divided by 13241?
215
Calculate the remainder when 211661390 is divided by 41.
38
What is the remainder when 149627 is divided by 182?
23
What is the remainder when 22306885 is divided by 1?
0
Calculate the remainder when 574569 is divided by 5745.
69
What is the remainder when 9502271 is divided by 5583?
5
Calculate the remainder when 564412 is divided by 153.
148
What is the remainder when 129397 is divided by 644?
597
What is the remainder when 6247992 is divided by 62?
4
Calculate the remainder when 1403162 is divided by 81.
80
What is the remainder when 9522504 is divided by 501?
498
Calculate the remainder when 16250 is divided by 1225.
325
What is the remainder when 1864943 is divided by 932197?
549
What is the remainder when 43817 is divided by 2732?
105
What is the remainder when 6640933 is divided by 112?
5
Calculate the remainder when 124567 is divided by 400.
167
Calculate the remainder when 41102204 is divided by 384.
380
What is the remainder when 1450356179 is divided by 5668?
5667
What is the remainder when 132422 is divided by 628?
542
What is the remainder when 72026633 is divided by 256?
9
What is the remainder when 2590183 is divided by 23547?
13
Calculate the remainder when 4168032 is divided by 8849.
153
What is the remainder when 76704 is divided by 5719?
2357
What is the remainder when 907633 is divided by 12966?
13
What is the remainder when 24818253 is divided by 144?
141
What is the remainder when 1619002 is divided by 17211?
1168
What is the remainder when 7295577 is divided by 1823856?
153
Calculate the remainder when 189015908 is divided by 576268.
4
What is the remainder when 530164 is divided by 176696?
76
Calculate the remainder when 1709625 is divided by 277.
258
Calculate the remainder when 38405 is divided by 9374.
909
Calculate the remainder when 95541 is divided by 31538.
927
What is the re